75.
25
Suppose 0 = -4*c, 2*l = -l - 2*c + 78. Let w be (0/1)/(-2 - -3). Suppose w*t - t + 198 = -4*z, 5*t - 906 = -z. Calculate the highest common divisor of l and t.
26
Suppose 42*i - 4401 = 7317. Calculate the greatest common divisor of i and 144.
9
Let v = 5989 + -3762. Calculate the highest common factor of v and 34.
17
Suppose -10*l + l + 441 = 0. Let t be 6*(-7)/(-63) - (-4)/(-6). Let j = t + 7. What is the highest common factor of j and l?
7
Let g(h) = 69*h - 199. Let s be g(3). Let u(d) = -17*d + 3. Let k be u(-1). What is the highest common factor of s and k?
4
Let m be 8 - 4/((12/(-3))/(-4)). Suppose -2*h - m*o = -22, 2*h - 4*o = -7*o + 18. Calculate the greatest common divisor of h and 6.
3
Let y be 34 + 1 + -4 - 3. Let l = 58 + -56. Suppose l*s = -3*s + 280. What is the greatest common divisor of y and s?
28
Suppose -h + 6*h = -g - 1284, -5*h + 2*g - 1272 = 0. Let o = -154 - h. Let b = 92 + -75. What is the highest common factor of b and o?
17
Suppose 7*v = -2*k + 3*v + 168, -15 = -5*v. Let w(m) = -2795*m - 16341. Let y be w(-6). Calculate the highest common divisor of y and k.
39
Let f be (-5 - 0)*(-629)/(-37). Let a = 65 - f. Calculate the greatest common divisor of a and 6.
6
Suppose -3*q - 2*q + 70 = 0. Let z = 17 - q. Suppose 15*t + 2*t = 34. Calculate the greatest common divisor of z and t.
1
Let t be (-3)/2*(-2 + 26/(-1)). Let l be 104/(-39)*(-3)/2. Suppose -3*r = -3*x - t, r - l*x = x + 18. Calculate the greatest common factor of r and 65.
13
Suppose -6671 = -32*m + 945. Let c = -18 - -52. What is the highest common factor of c and m?
34
Let t(q) = 1852*q + 9. Let g be t(7). Suppose 5*f - 3*r = g, -3*r + 2*r = -f + 2593. Suppose 329 = -12*m + f. What is the highest common divisor of 27 and m?
27
Suppose -2*c - 14 = -3*r, -4*r + r + 10 = -c. Suppose -r*l = 4*p - 132, -l + 68 = 2*p + l. What is the greatest common factor of p and 1312?
32
Let s = 30 - 27. Let o(t) = s*t - 5 + 24 - 4. Let d be o(0). Calculate the highest common divisor of d and 120.
15
Suppose 8 = -2*u + 3*u. Let j be ((-4)/(-7) + (-6743)/4291)*(-2)/(4/2). What is the greatest common divisor of j and u?
1
Suppose -152*u + 148*u - 3*o + 40 = 0, -4*u + 24 = -o. Calculate the highest common factor of 497 and u.
7
Let h(u) = 2*u**3 - 9*u**2 + 16*u - 32. Let p be h(5). Suppose -4*b + 52 = 3*o, 2*o - p = 10*b - 5*b. What is the greatest common factor of o and 152?
8
Suppose 3631*t - 3586*t = 69120. What is the highest common divisor of 54 and t?
6
Let h(v) = -v**2 + 15*v - 30. Suppose -25 + 1 = -2*n. Let u be h(n). Let x be ((-27)/6)/(u/(-4)). Calculate the highest common factor of x and 21.
3
Suppose 2547 + 751 = 34*w. Suppose 20*m - w = 103. What is the highest common divisor of 285 and m?
5
Let n = 99 - 90. Let z(b) = b + 12. Let p be z(n). Let l = -2 - -5. Calculate the greatest common divisor of p and l.
3
Suppose v + v = -587 + 1005. Suppose -2 = -4*z - y + 4*y, z + y = 4. Suppose 0 = -z*b + b + 11. What is the highest common divisor of v and b?
11
Let o = -10053 + 10701. Calculate the highest common divisor of o and 104.
8
Let b(s) = -140*s + 570. Let z be b(4). What is the greatest common factor of z and 2560?
10
Suppose -4*d + 338 = 3*a, -253*d + 78 = a - 256*d. Calculate the greatest common divisor of 833 and a.
17
Suppose 83*c + 56 = 78 + 227. What is the highest common factor of c and 911?
1
Let p(k) = k**2 - 16*k + 101. Let q be p(12). Suppose 0 = -q*f + 61*f - 448. Calculate the greatest common divisor of f and 8.
8
Let w be (1/(-5 - -2))/((-34)/26112). What is the highest common factor of w and 2?
2
Suppose 4*h = -3*r - 14, -h - 2 - 2 = r. Let q be r/(-9) + 1148/18. Suppose 4*k = 12, 2*k - 80 = -g - 58. Calculate the highest common divisor of g and q.
16
Let o(r) = -r**2 + 5*r - 5. Let v be o(4). Let i be 4/(-2) + (-16)/v. Let n be 4/7 + 2304/84. What is the highest common factor of n and i?
14
Let u be 19/(-38) + (-33)/6. Let r be ((-576)/(-480))/((u/(-40))/3). Calculate the highest common factor of 36 and r.
12
Let d = -2074 - -2374. Calculate the highest common divisor of d and 105.
15
Suppose -h = -5*n + 115, 59 = 3*n + 2*h - 23. Suppose 520 = -109*x + 105*x. Let w = -118 - x. What is the greatest common divisor of w and n?
12
Let k(p) = -116*p + 1339. Let f be k(11). What is the highest common factor of f and 2352?
21
Suppose 3807 + 1368 = -23*u. Let d be (-1)/((9/3)/u). Suppose -5 = -r, 4*g + r = -0*r + 125. What is the highest common factor of g and d?
15
Let d = 21 - 8. Let a = 63 - 42. Let x = a - d. What is the highest common divisor of x and 88?
8
Let w be (1 - 4/(-8))*-196. Let o = w - -334. Calculate the highest common divisor of o and 50.
10
Let a(i) = 5*i + 153. Let u be a(-29). Let o be 4/u*0 - 144/(-6). What is the highest common factor of 3 and o?
3
Let m(p) = -p**2 + 4*p + 107. Let d(q) = -q**2 - 12*q + 77. Let s be d(5). Let c be m(s). Let a = 126 - 27. Calculate the greatest common factor of a and c.
11
Let u = -37773 - -37825. Suppose 101 + 22 = -3*x. Let y = 171 + x. What is the greatest common factor of y and u?
26
Let m(r) = -3*r + 13. Suppose 2*w + 3 = 9. Let t be m(w). Let g be ((-2)/t)/((-4)/16). Calculate the highest common factor of g and 4.
2
Suppose 2*a - 10 = 2*o, -a + 0*a = 4*o + 5. Suppose p - 45 = -5*t + a*p, 2*t - 34 = 4*p. Suppose j - t = 13. What is the greatest common divisor of j and 60?
20
Suppose -14*d - 1502 - 8 = -19*d. What is the highest common divisor of 2 and d?
2
Suppose -i - 5*d + 3305 = 0, 3*i - 2*d - 10023 = d. Calculate the highest common factor of 580 and i.
145
Let o = 0 + 0. Suppose o*k + 2*k = 34. Suppose -80 = -5*t + 5*d, -5*d + 78 = 4*t + 5. Calculate the highest common divisor of t and k.
17
Let l be ((-177)/(-4) - 0)*(13 + (20 - -63)). What is the highest common factor of l and 144?
72
Let t = -59 - -106. Suppose t = -4*x + 87. Suppose -7*o + x*o - 30 = 0. What is the highest common factor of 40 and o?
10
Let s be ((-201)/9 + 3)*15/150*-15. Suppose 4*h + c = h + 86, 0 = 5*h - 5*c - 150. Calculate the greatest common factor of h and s.
29
Suppose 4306 + 629 = -35*q. Let p = q + 356. Calculate the highest common divisor of 172 and p.
43
Suppose 0*x = 5*x - 720. Let p = -22828 + 22892. What is the highest common factor of p and x?
16
Suppose -104*v = u - 99*v - 73, 247 = 4*u + 5*v. Let m be 20/(2 - 3)*29/(-2). Calculate the greatest common factor of u and m.
58
Let i = 169 + -174. Let k be -1 + (i + 11 - -8). Calculate the highest common factor of 195 and k.
13
Let r be -3 - 118/8*(9 - 13). Let k be 1 + (-1)/(-2 + 1). Suppose b + k*v - 17 = 0, 2*b - 19 = -0*b - v. What is the greatest common divisor of b and r?
7
Let n be (-26)/(-78) + -1 + 922/6. Calculate the greatest common factor of n and 1139.
17
Let z(t) be the first derivative of -t**4/4 + 34*t**3/3 + 18*t**2 - 29*t - 12. Let m be z(35). What is the greatest common factor of 24 and m?
6
Suppose 7*x + 2570 = 4*t + 9*x, 5*x = 5*t - 3250. Calculate the highest common divisor of 30 and t.
15
Let q = 1574 - -802. Calculate the highest common divisor of q and 96.
24
Let y = 818 + -1289. Let l be 20/8 + y/(-6). Calculate the highest common factor of 6 and l.
3
Let c(b) = 123*b**3 - 3*b**2 + 2*b + 1. Let d be c(1). Suppose -6*h + d = -5*h. Calculate the greatest common divisor of h and 164.
41
Let g = -260 - -269. Suppose -g*d - 247 = -28*d. Suppose v - 5 = -4*a, -2*a + 9 = 2*v - v. What is the greatest common divisor of v and d?
13
Let t be 16/(-6)*(-3393)/58. Suppose 54*v = 41*v + t. Calculate the highest common divisor of 68 and v.
4
Let a be (-12)/(-10) + (-43 - 14157/(-165)). Let f = 156 + -35. Calculate the highest common factor of f and a.
11
Let m(i) = 8*i**2 + 704*i + 74. Let k be m(-88). What is the greatest common divisor of k and 4255?
37
Let w(l) = 955*l + 17214. Let h be w(-18). Calculate the highest common factor of h and 7032.
24
Suppose -4*b + l + 236 = 0, -2*b + l = 184 - 300. What is the greatest common divisor of b and 2412?
12
Let n(f) = -4*f**2 + 241*f - 81. Let p be n(8). What is the highest common factor of 43 and p?
43
Suppose -7*t - 17 + 3 = 0. Let k be ((-8)/(-24))/(t/(-6)). What is the greatest common factor of k and 7?
1
Suppose 3*m + 12 = -3*s, -4*s + 41 = -5*m + 84. Let z be 42/(14 + s) - 1. What is the highe